2/(-8). Suppose -4*x + 3*u + 35 = -44, -4*u = -s*x + 98. What are the prime factors of x?
2, 11
Let d = 80159 + -37235. List the prime factors of d.
2, 3, 7, 73
Let u = 451 + -330. Let j = u + 46. What are the prime factors of j?
167
Suppose 0 = -3*t + 836 + 487. Suppose n = -5*v + t, -n + 1303 = 2*n - 5*v. List the prime factors of n.
2, 109
Suppose -12*m = 6*m - 36. Suppose 0 = m*u + 7*u - 2340. List the prime factors of u.
2, 5, 13
Suppose -2*p = -3*n - 4 - 4, -2*n - 42 = -5*p. Suppose 4*a = v + 5, -2*v + p = -3*v + 5*a. Suppose -20*l + v*l + 60 = 0. List the prime factors of l.
2, 3
Suppose 5*f + 50526 = 19*f. What are the prime factors of f?
3, 401
Let s(h) = 652*h + 483. List the prime factors of s(18).
3, 4073
Let h(i) = 4315*i + 1471. What are the prime factors of h(3)?
2, 17, 53
Suppose -a + 4*c + 1316 = 360, 0 = 3*a - 5*c - 2889. Suppose -a + 343 = -w. List the prime factors of w.
5
Let o = -24926 - -4694. List the prime factors of 6/(-4) - 1 - o/16.
2, 631
Suppose 0 = -3*w + x + 7796 + 3375, -2*w + 7446 = -x. Suppose 44*d - 39*d = w. What are the prime factors of d?
5, 149
Let i be (-1)/(-4) + (-6)/((-72)/(-543)). What are the prime factors of 15/i + 931/3?
2, 5, 31
Let w = 3276 + -1261. List the prime factors of w.
5, 13, 31
Let x(u) = u**3 + u**2 - 4*u + 213. Let g be x(0). Suppose 21 = 3*v - g. List the prime factors of v.
2, 3, 13
Let z(l) = l**2 - 7*l + 12. Let c be z(6). Let i be (2 - 0) + c + 1. Suppose 2*b = -i*b + 429. What are the prime factors of b?
3, 13
Let h(m) = -4 - m - 15*m + 15 + 12*m**2 + 237*m**3 - 236*m**3. List the prime factors of h(-12).
7, 29
Let k be -1 + 2 + 38 - -2. Suppose 14*p - 275 = 257. Let o = k + p. What are the prime factors of o?
79
What are the prime factors of (6/(-4))/(2/4)*2366373/(-549)?
67, 193
Let s = 27000 + -14988. What are the prime factors of s?
2, 3, 7, 11, 13
Let k(r) be the second derivative of -r**5/20 + 3*r**4/2 - 17*r**3/6 + 17*r**2/2 + 16*r. Let j be k(17). Suppose -23 = -g + j. List the prime factors of g.
2, 5
Suppose -4*b + 6*b - 54044 = -5*o, 0 = o + 4*b - 10798. What are the prime factors of o?
2, 5, 23, 47
Let r = 592 - 269. What are the prime factors of (-39)/117*r*-3?
17, 19
Let b(u) = 6*u**3 + 7*u**2 - 16*u - 7. Let m(n) = 7*n**3 + 6*n**2 - 17*n - 6. Let r(d) = 6*b(d) - 5*m(d). List the prime factors of r(-12).
2, 3, 5
Suppose -3208*c = -3227*c + 133570. List the prime factors of c.
2, 5, 19, 37
Suppose -3*j + 18*r - 15*r + 106947 = 0, 4*r + 4 = 0. What are the prime factors of j?
2, 557
Let q = -15652 - -35245. List the prime factors of q.
3, 7, 311
Let n = -16123 + 93979. List the prime factors of n.
2, 3, 811
List the prime factors of (-184)/(-920) - 26118/(-10).
2, 653
Suppose 5*t - 3 = 2*r - r, -6 = 5*t + 2*r. Suppose 0 = -5*f - 6*w + 2*w + 2597, -3*w + 9 = t. What are the prime factors of f?
11, 47
Suppose 3*w - 1586 = 2791. Let v = w - 737. What are the prime factors of v?
2, 19
Let x = -833 + 259. Let v be x/(-8) - (-33)/(-44). Suppose -5*h + 0*n + 140 = 5*n, -2*h + 3*n + v = 0. List the prime factors of h.
31
Let u = -590 + 601. Suppose 17*c - u*c = 5280. List the prime factors of c.
2, 5, 11
Let r(k) = -7*k**3 - 2 - 2*k + 23*k**3 + 3*k - k**2. Let g(h) = h**2 + 14*h - 479. Let q be g(-30). What are the prime factors of r(q)?
2, 7
Suppose 6242 + 10281 = 3*o - p, -5*o + 27520 = 2*p. List the prime factors of o.
2, 2753
Suppose 12*a + 276*a - 10115943 = -2024295. What are the prime factors of a?
2, 439
Let u(t) be the second derivative of t**4/2 + 7*t**3/3 - 67*t**2 - 199*t. List the prime factors of u(7).
2, 3, 43
Let k = -76 - -30. Let s = k - -10. Let i = 5 - s. What are the prime factors of i?
41
Let o(g) = -492*g**3 - 451*g. Let c(w) = -2*w**3 - w. Let r(f) = 902*c(f) - 2*o(f). List the prime factors of r(-1).
2, 5, 41
Suppose -2 = -2*l + 4*l, 0 = -4*o - 3*l + 41. Suppose 0 = 14*w - 17 - o. Suppose 10*r = 9*r + w. What are the prime factors of r?
2
Let d(z) = 14*z + 460. Let r be d(-32). Let c(v) = -v**3 + 13*v**2 + 21*v - 28 + 67 - 30*v. List the prime factors of c(r).
3, 5
Let n(h) = -7*h**3 - 42*h**2 - 722*h + 27. List the prime factors of n(-19).
2, 3, 11, 353
Let o(p) = p**2 - 76*p + 335. What are the prime factors of o(73)?
2, 29
Suppose -45*t = -51*t + 4668. Let i = -229 + t. What are the prime factors of i?
3, 61
Let n(i) = 59*i**2 + 33*i - 238. List the prime factors of n(-16).
2, 67, 107
Let r be (((-33)/2)/11)/(3/(-62)). Suppose -r*h + 3848 = -18*h. What are the prime factors of h?
2, 37
Let l = 111 + -269. Let n = 244 + l. What are the prime factors of n?
2, 43
Let u = -83 - 24. Let b = u + 184. Let o = b + -64. List the prime factors of o.
13
Let m(t) = t**3 - 19*t**2 + 20*t - 40. Let p be m(18). Let d be -1*(-5 + 2 + p). Suppose d*o + 223 - 832 = 0. List the prime factors of o.
3, 29
Suppose -4*m = -48 - 16. Let u = 21 - m. Suppose 2*g = u*p - g - 399, -p + 93 = -5*g. What are the prime factors of p?
2, 3, 13
Suppose 130*r - 1047810 = 24*r. List the prime factors of r.
3, 5, 659
Suppose 2*u + 1364 + 4734 = 4*u. List the prime factors of u.
3049
List the prime factors of (-23)/(414/90) + (2 - 4 - -5647).
2, 3, 5, 47
Let b be 3 + 0*(-3 + 2) - -2. Suppose -8*n = -9*n + b. Suppose 31 = 4*d + 3*q, 0*d = 2*d + 5*q - n. What are the prime factors of d?
2, 5
Let d(m) = 6*m - 66. Let n be d(-27). Let b = -128 - n. List the prime factors of b.
2, 5
List the prime factors of (53294 + -646)/((-8)/(-6)).
2, 3, 6581
Let m = -5619 + 12586. List the prime factors of m.
6967
Suppose -217308 + 24874 = -22*u. List the prime factors of u.
8747
List the prime factors of 15/12 + (-392826)/(-24) + 2.
3, 17, 107
Suppose -5736 - 1019 + 105 = -5*h. What are the prime factors of h?
2, 5, 7, 19
Let q be (24/20)/(-2*1/(-5)). Suppose q*h + 456 = l, -2*l - h - 1344 = -5*l. List the prime factors of l.
3, 149
Suppose 4*v + 2*i + 31113 - 108511 = 0, 3*v - 58041 = i. What are the prime factors of v?
2, 7, 691
Suppose -3*s + 3 = 7*m - 4*m, m - 13 = 2*s. Suppose -3*w + w = -3*o - 1338, 2*w - m*o = 1346. What are the prime factors of w?
3, 13, 17
Let a = -50 + 56. Let q be -1*-339*(-2)/a. Let w = q + 192. List the prime factors of w.
79
What are the prime factors of (154/(-66))/((-4)/2340)?
3, 5, 7, 13
Let f(v) = -1748*v - 1490. List the prime factors of f(-9).
2, 7121
Suppose 0 = -5*d + 37 - 22. Let c(i) = 51*i**2 - 6*i + 12. List the prime factors of c(d).
3, 151
Let o(q) be the third derivative of -q**5/12 - q**4/24 + q**3/3 + 34*q**2. Let l be o(1). What are the prime factors of (-658)/l - (-2 + 12/8)?
3, 5, 11
Let f(d) = -d**3 - 2*d**2 - 4*d - 13. Let q be f(-3). Let a(z) = -z**3 + 10*z**2 - 8*z - 12. What are the prime factors of a(q)?
2, 13
Suppose -3*h + 21 = 2*d, -3*d = 4*h - 2*d - 23. Let c be ((-98)/(-5))/(h/200). Suppose -2*x + c = 5*x. What are the prime factors of x?
2, 7
Let y = 665 - 667. List the prime factors of (-1)/y - (-2634)/12.
2, 5, 11
Let f(s) = 2*s - 26. Let c be f(15). Suppose 0 = a - 4*a + c*m + 2510, -2*m + 1650 = 2*a. Suppose 234 + a = 7*r. What are the prime factors of r?
2, 19
Let r(q) = 11792*q + 687. What are the prime factors of r(6)?
3, 23813
Suppose 2*p = -4*q + 300, -3*p - 7*q + 2*q + 452 = 0. Suppose -19 = 5*s - 5*g - p, 0 = -s + 3*g + 17. Suppose 8*u - 40 = s. What are the prime factors of u?
3
Let g(o) = -11*o + 7. Let x be g(-9). Suppose 2*r - 80 = x. What are the prime factors of r?
3, 31
Let h = -12716 + 12697. Let p(j) be the first derivative of j**3/3 + 10*j**2 + 64*j - 1. What are the prime factors of p(h)?
3, 5
Suppose -175*f - 135*f = -17072727 - 11223143. What are the prime factors of f?
97, 941
Suppose -21*a = 110 - 404. Suppose a*m - 5*m = 1044. What are the prime factors of m?
2, 29
Let h be (1 - 7)*39/(-6). Suppose -n + 36*g - h*g + 624 = 0, -g = 4. What are the prime factors of n?
2, 3, 53
Let k(j) = 2*j**2 - 6*j - 28. Let p be k(-9). Let u = 286 - p. List the prime factors of u.
2, 7
Let g be 10/(-6) + 1 - (-34)/6. Suppose 8*p - 3*p = 3*v - 3, 0 = g*p - 2*v + 7. What are the prime factors of (-185)/(-1) + (-6 - p)?
2, 7, 13
Suppose -5*g + 10 = -0*g, 0 = -3*w + g + 238. Suppose -2628 = 62*h - w*h. List the prime factors of h.
2, 73
Let z = -556 - -168. Let s = z - -499. What are the prime factors of s?
3, 37
What are the 